s divided by 398?
217
What is the remainder when 70182198 is divided by 950?
948
What is the remainder when 14851 is divided by 365?
251
What is the remainder when 89884 is divided by 881?
22
Calculate the remainder when 293109500 is divided by 106.
102
Calculate the remainder when 4994530 is divided by 56756.
2
What is the remainder when 583740 is divided by 10285?
7780
Calculate the remainder when 713134 is divided by 1245.
994
Calculate the remainder when 7850770 is divided by 6.
4
Calculate the remainder when 410956 is divided by 6226.
40
What is the remainder when 59157479 is divided by 672?
647
Calculate the remainder when 3129338 is divided by 64.
58
What is the remainder when 1408646 is divided by 704311?
24
What is the remainder when 5799811 is divided by 19?
4
What is the remainder when 2609811 is divided by 626?
17
What is the remainder when 87939623 is divided by 28?
23
Calculate the remainder when 11080 is divided by 5396.
288
What is the remainder when 485723 is divided by 547?
534
Calculate the remainder when 174254 is divided by 7919.
36
Calculate the remainder when 64959 is divided by 26.
11
What is the remainder when 4778559 is divided by 7478?
117
Calculate the remainder when 30121041 is divided by 12.
9
What is the remainder when 685344 is divided by 342634?
76
What is the remainder when 732060 is divided by 2?
0
Calculate the remainder when 1720784 is divided by 311.
21
What is the remainder when 71662831 is divided by 38?
37
What is the remainder when 84295 is divided by 3593?
1656
Calculate the remainder when 6531717 is divided by 120.
117
Calculate the remainder when 25908692 is divided by 8636200.
92
What is the remainder when 221793 is divided by 4265?
13
Calculate the remainder when 533229 is divided by 250.
229
What is the remainder when 44080 is divided by 4407?
10
What is the remainder when 15180 is divided by 3034?
10
Calculate the remainder when 213726 is divided by 658.
534
Calculate the remainder when 22972 is divided by 2075.
147
Calculate the remainder when 14912107 is divided by 9988.
23
What is the remainder when 337016 is divided by 1416?
8
What is the remainder when 1064044 is divided by 988?
956
What is the remainder when 676280 is divided by 338114?
52
What is the remainder when 970983551 is divided by 2305?
2301
What is the remainder when 213709548 is divided by 14?
10
Calculate the remainder when 1386680 is divided by 1449.
1436
Calculate the remainder when 3629736 is divided by 524.
512
What is the remainder when 2282132 is divided by 170?
52
Calculate the remainder when 633690 is divided by 1146.
1098
Calculate the remainder when 6802162 is divided by 645.
637
What is the remainder when 272057 is divided by 1334?
1255
Calculate the remainder when 20972446 is divided by 46.
34
What is the remainder when 3243032 is divided by 12668?
24
What is the remainder when 24297 is divided by 2373?
567
Calculate the remainder when 1190777 is divided by 2197.
3
Calculate the remainder when 2969098 is divided by 424156.
6
What is the remainder when 1000129 is divided by 47625?
4
Calculate the remainder when 1038573037 is divided by 8.
5
What is the remainder when 19584809 is divided by 16307?
102
What is the remainder when 2790883 is divided by 240?
163
Calculate the remainder when 141933 is divided by 2155.
1858
Calculate the remainder when 1416958 is divided by 354203.
146
Calculate the remainder when 873745 is divided by 528.
433
Calculate the remainder when 2446459 is divided by 69.
64
Calculate the remainder when 22642334 is divided by 817.
813
Calculate the remainder when 74827274 is divided by 1005.
1004
Calculate the remainder when 32194 is divided by 26674.
5520
What is the remainder when 416234 is divided by 7540?
1534
Calculate the remainder when 1495236 is divided by 780.
756
Calculate the remainder when 3586642 is divided by 20.
2
What is the remainder when 51382 is divided by 856?
22
What is the remainder when 9175016 is divided by 263?
261
What is the remainder when 1596259 is divided by 145114?
5
What is the remainder when 272804 is divided by 272626?
178
What is the remainder when 1793248 is divided by 105480?
88
Calculate the remainder when 2167526 is divided by 270937.
30
Calculate the remainder when 12250536 is divided by 140810.
66
What is the remainder when 41194815 is divided by 10298699?
19
What is the remainder when 411097 is divided by 136989?
130
What is the remainder when 115878241 is divided by 159?
154
Calculate the remainder when 44939025 is divided by 14979672.
9
What is the remainder when 86062 is divided by 598?
548
Calculate the remainder when 2175024 is divided by 90.
84
Calculate the remainder when 113404 is divided by 206.
104
Calculate the remainder when 13781544 is divided by 16.
8
Calculate the remainder when 18076388 is divided by 6244.
8
What is the remainder when 597973 is divided by 24?
13
What is the remainder when 52899752 is divided by 1158?
1154
What is the remainder when 304393 is divided by 7456?
6153
Calculate the remainder when 772434 is divided by 962.
910
What is the remainder when 15224620 is divided by 53?
52
What is the remainder when 315637 is divided by 315556?
81
What is the remainder when 13065509 is divided by 11148?
53
Calculate the remainder when 148328 is divided by 36903.
716
What is the remainder when 260001224 is divided by 1193?
1190
What is the remainder when 49419415 is divided by 5491044?
19
What is the remainder when 5093291 is divided by 17871?
56
What is the remainder when 1747214 is divided by 259?
0
What is the remainder when 171148 is divided by 125?
23
Calculate the remainder when 129813 is divided by 623.
229
Calculate the remainder when 6145237 is divided by 1536121.
753
What is the remainder when 5135336 is divided by 5135226?
110
Calculate the remainder when 2284959 is divided by 584.
351
Calculate the remainder when 574562821 is divided by 4664.
4661
What is the remainder when 2123 is divided by 391?
168
What is the remainder when 3042893 is divided by 350?
343
Calculate the remainder when 9087091 is divided by 199.
154
What is the remainder when 28506 is divided by 1676?
14
What is the remainder when 1223154 is divided by 305756?
130
What is the remainder when 6627421 is divided by 2239?
2220
Calculate the remainder when 56561 is divided by 56301.
260
Calculate the remainder when 9947519 is divided by 26.
23
Calculate the remainder when 21160756 is divided by 651.
1
What is the remainder when 112797037 is divided by 120?
37
What is the remainder when 90425 is divided by 4305?
20
What is the remainder when 3824143 is divided by 1253?
1240
Calculate the remainder when 96324 is divided by 3014.
2890
What is the remainder when 7322194 is divided by 99?
55
What is the remainder when 4056459 is divided by 289742?
71
What is the remainder when 1300835 is divided by 1549?
1224
Calculate the remainder when 50957998 is divided by 16.
14
Calculate the remainder when 7920569 is divided by 14480.
9
What is the remainder when 368868 is divided by 368827?
41
What is the remainder when 779341 is divided by 2166?
1747
What is the remainder when 17727250 is divided by 4637?
4636
What is the remainder when 2528324 is divided by 371?
330
Calculate the remainder when 10080589 is divided by 843.
838
What is the remainder when 10300750 is divided by 3220?
3190
What is the remainder when 5296 is divided by 9?
4
What is the remainder when 36613 is divided by 12114?
271
Calculate the remainder when 421026 is divided by 2195.
1781
Calculate the remainder when 20076 is divided by 9484.
1108
What is the remainder when 1971773 is divided by 99?
89
What is the remainder when 14706 is divided by 1029?
300
What is the remainder when 3423446 is divided by 5668?
5642
What is the remainder when 2625573 is divided by 7253?
7240
Calculate the remainder when 680173 is divided by 32.
13
What is the remainder when 131914 is divided by 1910?
124
Calculate the remainder when 36209 is divided by 11406.
1991
What is the remainder when 687529 is divided by 2491?
13
Calculate the remainder when 136144868 is divided by 430.
418
What is the remainder when 9431923 is divided by 335?
333
Calculate the remainder when 40397332 is divided by 20198659.
14
What is the remainder 